{"id":18,"date":"2018-05-30T14:45:21","date_gmt":"2018-05-30T12:45:21","guid":{"rendered":"http:\/\/lesmicrocrechesdelorge.com\/?page_id=18"},"modified":"2024-12-17T13:41:17","modified_gmt":"2024-12-17T12:41:17","slug":"nous-contacter","status":"publish","type":"page","link":"https:\/\/lesmicrocrechesdelorge.com\/site\/index.php\/nous-contacter\/","title":{"rendered":"Pr\u00e9-inscription \/ Nous contacter"},"content":{"rendered":"<h1>Nous contacter pour informations compl\u00e9mentaires et pr\u00e9-inscriptions<\/h1>\n<p style=\"font-weight: 400;\">Les <span style=\"color: #993300;\"><strong>pr\u00e9-inscriptions<\/strong><\/span> dans nos micro-cr\u00e8ches se font toute l\u2019ann\u00e9e.<\/p>\n<p>Voici les \u00e9tapes pour une demande d\u2019informations en vue d\u2019une pr\u00e9-inscription :<\/p>\n<p><u>Avant toute d\u00e9marche,<\/u> nous vous invitons \u00e0 prendre connaissance de la <a href=\"https:\/\/lesmicrocrechesdelorge.com\/site\/index.php\/informations-utiles\/\">Pr\u00e9sentation du fonctionnement de nos micro-cr\u00e8ches<\/a>.<\/p>\n<p style=\"font-weight: 400;\"><u>Dans un premier temps<\/u>, si vous souhaitez recevoir plus de renseignements sur nos structures ainsi qu&rsquo;une devis, nous vous recommandons de compl\u00e9ter\u00a0notre formulaire de \u00ab\u00a0demande d\u2019informations\u00a0\u00bb:<\/p>\n<p style=\"text-align: center;\"><a class=\"a-btn\" href=\"https:\/\/lesmicrocrechesdelorge.com\/site\/index.php\/pre-inscription\/\">Formulaire de demande d&rsquo;informations<\/a><\/p>\n<p style=\"font-weight: 400;\"><u>Dans un second temps,<\/u> \u00e0 r\u00e9ception de ce formulaire, nous vous enverrons par e-mail une <span style=\"color: #993300;\"><strong>Pr\u00e9sentation de nos structures et de leur R\u00e8glement Int\u00e9rieur<\/strong><\/span>\u00a0ainsi qu\u2019un <strong><span style=\"color: #993300;\">devis<\/span><\/strong> pour la prestation souhait\u00e9e (mensualisation + aide CAF).<\/p>\n<p style=\"font-weight: 400;\"><u>Dans un troisi\u00e8me temps,<\/u> <span style=\"color: #993300;\"><strong>si vous validez nos r\u00e8gles de fonctionnement et le devis \u00e9tabli<\/strong><\/span>, nous vous enverrons par e-mail un <strong><span style=\"color: #993300;\">dossier de pr\u00e9-inscription<\/span><\/strong> complet \u00e0 remplir et \u00e0 nous renvoyer sur l\u2019e-mail contact de la structure pressentie.<br \/>\n<strong><span style=\"color: #993300;\">Ce formulaire de pr\u00e9-inscription ne vous engage \u00e0 rien. Il ne s\u2019agit pas d\u2019une inscription d\u00e9finitive, mais vous place sur une liste d\u2019attente.<\/span> <span style=\"color: #993300;\">Ceci ne vous garantit pas une place en cr\u00e8che.<\/span><\/strong><\/p>\n<p style=\"font-weight: 400;\"><u>Suite \u00e0 votre pr\u00e9-inscription<\/u>, <span style=\"color: #993300;\"><strong>nous vous recontacterons<\/strong><\/span>, soit rapidement si une place est libre, soit de fa\u00e7on plus tardive si une place qui correspond \u00e0 votre souhait se lib\u00e8re.<\/p>\n<p>Tous les ans en avril nous rencontrons l\u2019ensemble de nos familles afin de faire un bilan de l\u2019ann\u00e9e \u00e9coul\u00e9e et de faire le pr\u00e9visionnel de la rentr\u00e9e de septembre. Les entr\u00e9es en cr\u00e8che se font toute l\u2019ann\u00e9e en fonction des places disponibles.<\/p>\n<hr \/>\n<h1>Contacts<\/h1>\n<h3>Babilles et Gribouillages<\/h3>\n<p>24 Grande Rue<br \/>\n91600 Savigny sur Orge<br \/>\nFixe : 01 69 44 28 48<br \/>\nPortable : 06 73 78 75 82<br \/>\n<a href=\"mailto:babillesetgribouillages@gmail.com\">babillesetgribouillages@gmail.com<\/a><\/p>\n<h3>Gazouilles et Patouilles<\/h3>\n<p>22 rue Pasteur<br \/>\n91260 Juvisy sur Orge<br \/>\nFixe : 01 69 42 74 09<br \/>\nPortable : 06 73 78 75 82<br \/>\n<a href=\"mailto:gazouillesetpatouilles@gmail.com\">gazouillesetpatouilles@gmail.com<\/a><\/p>\n<h3>Frimousses et Enfantill\u2019\u00e2ges<\/h3>\n<p>75 rue Francoeur<br \/>\n91170 Viry Chatillon<br \/>\nFixe : 01 69 44 80 58<br \/>\nPortable : 06 73 78 75 82<br \/>\n<a href=\"mailto:frimoussesetenfantillages@gmail.com\">frimoussesetenfantillages@gmail.com<\/a><\/p>\n<hr \/>\n<h1>Vos t\u00e9moignages<\/h1>\n<p>Vous souhaitez nous laisser un petit message, donner votre avis, etc&#8230; <a href=\"https:\/\/lesmicrocrechesdelorge.com\/site\/index.php\/2018\/10\/10\/vos-temoignages\/\">N&rsquo;h\u00e9sitez pas \u00e0 nous laisser votre t\u00e9moignage sur notre page d\u00e9di\u00e9e<\/a>.<\/p>\n<p><img loading=\"lazy\" decoding=\"async\" class=\"aligncenter size-full wp-image-387\" src=\"https:\/\/lesmicrocrechesdelorge.com\/site\/wp-content\/uploads\/2022\/10\/oiseau-1-1.png\" alt=\"\" width=\"153\" height=\"111\" \/><\/p>\n<p>&nbsp;<\/p>\n<hr \/>\n<h1>Nous contacter<\/h1>\n<p>Vous souhaitez nous contacter pour toute autre raison, n&rsquo;h\u00e9sitez pas \u00e0 nous envoyer un message via le formulaire ci-dessous.<\/p>\n\n<div class=\"wpcf7 no-js\" id=\"wpcf7-f52-o1\" lang=\"fr-FR\" dir=\"ltr\" data-wpcf7-id=\"52\">\n<div class=\"screen-reader-response\"><p role=\"status\" aria-live=\"polite\" aria-atomic=\"true\"><\/p> <ul><\/ul><\/div>\n<form action=\"\/site\/index.php\/wp-json\/wp\/v2\/pages\/18#wpcf7-f52-o1\" method=\"post\" class=\"wpcf7-form init\" aria-label=\"Formulaire de contact\" novalidate=\"novalidate\" data-status=\"init\">\n<fieldset class=\"hidden-fields-container\"><input type=\"hidden\" name=\"_wpcf7\" value=\"52\" \/><input type=\"hidden\" name=\"_wpcf7_version\" value=\"6.1.5\" \/><input type=\"hidden\" name=\"_wpcf7_locale\" value=\"fr_FR\" \/><input type=\"hidden\" name=\"_wpcf7_unit_tag\" value=\"wpcf7-f52-o1\" \/><input type=\"hidden\" name=\"_wpcf7_container_post\" value=\"0\" \/><input type=\"hidden\" name=\"_wpcf7_posted_data_hash\" value=\"\" \/>\n<\/fieldset>\n<p>Votre Nom (obligatoire)\n<\/p>\n<p><span class=\"wpcf7-form-control-wrap\" data-name=\"your-name\"><input size=\"40\" maxlength=\"400\" class=\"wpcf7-form-control wpcf7-text wpcf7-validates-as-required\" aria-required=\"true\" aria-invalid=\"false\" value=\"\" type=\"text\" name=\"your-name\" \/><\/span>\n<\/p>\n<p>Votre Email (obligatoire)\n<\/p>\n<p><span class=\"wpcf7-form-control-wrap\" data-name=\"your-email\"><input size=\"40\" maxlength=\"400\" class=\"wpcf7-form-control wpcf7-email wpcf7-validates-as-required wpcf7-text wpcf7-validates-as-email\" aria-required=\"true\" aria-invalid=\"false\" value=\"\" type=\"email\" name=\"your-email\" \/><\/span>\n<\/p>\n<p>Sujet\n<\/p>\n<p><span class=\"wpcf7-form-control-wrap\" data-name=\"your-subject\"><input size=\"40\" maxlength=\"400\" class=\"wpcf7-form-control wpcf7-text\" aria-invalid=\"false\" value=\"\" type=\"text\" name=\"your-subject\" \/><\/span>\n<\/p>\n<p>Votre Message\n<\/p>\n<p><span class=\"wpcf7-form-control-wrap\" data-name=\"your-message\"><textarea cols=\"40\" rows=\"10\" maxlength=\"2000\" class=\"wpcf7-form-control wpcf7-textarea\" aria-invalid=\"false\" name=\"your-message\"><\/textarea><\/span>\n<\/p>\n<p><input class=\"wpcf7-form-control wpcf7-submit has-spinner\" type=\"submit\" value=\"Envoyer\" \/>\n<\/p><p style=\"display: none !important;\" class=\"akismet-fields-container\" data-prefix=\"_wpcf7_ak_\"><label>&#916;<textarea name=\"_wpcf7_ak_hp_textarea\" cols=\"45\" rows=\"8\" maxlength=\"100\"><\/textarea><\/label><input type=\"hidden\" id=\"ak_js_1\" name=\"_wpcf7_ak_js\" value=\"188\"\/><script>document.getElementById( \"ak_js_1\" ).setAttribute( \"value\", ( new Date() ).getTime() );<\/script><\/p><div class=\"wpcf7-response-output\" aria-hidden=\"true\"><\/div>\n<\/form>\n<\/div>\n\n","protected":false},"excerpt":{"rendered":"<p>Nous contacter pour informations compl\u00e9mentaires et pr\u00e9-inscriptions Les pr\u00e9-inscriptions dans nos micro-cr\u00e8ches se font toute l\u2019ann\u00e9e. Voici les \u00e9tapes pour une demande d\u2019informations en vue d\u2019une pr\u00e9-inscription : Avant toute d\u00e9marche, nous vous invitons \u00e0 prendre connaissance de la Pr\u00e9sentation du fonctionnement de nos micro-cr\u00e8ches. Dans un premier temps, si vous souhaitez recevoir plus de&hellip; <\/p>\n<p class=\"toivo-read-more\"><a href=\"https:\/\/lesmicrocrechesdelorge.com\/site\/index.php\/nous-contacter\/\" class=\"more-link\">Lire la suite <span class=\"screen-reader-text\">Pr\u00e9-inscription \/ Nous contacter<\/span><\/a><\/p>\n","protected":false},"author":1,"featured_media":0,"parent":0,"menu_order":0,"comment_status":"closed","ping_status":"closed","template":"","meta":{"footnotes":""},"class_list":{"0":"post-18","1":"page","2":"type-page","3":"status-publish","5":"entry"},"_links":{"self":[{"href":"https:\/\/lesmicrocrechesdelorge.com\/site\/index.php\/wp-json\/wp\/v2\/pages\/18","targetHints":{"allow":["GET"]}}],"collection":[{"href":"https:\/\/lesmicrocrechesdelorge.com\/site\/index.php\/wp-json\/wp\/v2\/pages"}],"about":[{"href":"https:\/\/lesmicrocrechesdelorge.com\/site\/index.php\/wp-json\/wp\/v2\/types\/page"}],"author":[{"embeddable":true,"href":"https:\/\/lesmicrocrechesdelorge.com\/site\/index.php\/wp-json\/wp\/v2\/users\/1"}],"replies":[{"embeddable":true,"href":"https:\/\/lesmicrocrechesdelorge.com\/site\/index.php\/wp-json\/wp\/v2\/comments?post=18"}],"version-history":[{"count":3,"href":"https:\/\/lesmicrocrechesdelorge.com\/site\/index.php\/wp-json\/wp\/v2\/pages\/18\/revisions"}],"predecessor-version":[{"id":536,"href":"https:\/\/lesmicrocrechesdelorge.com\/site\/index.php\/wp-json\/wp\/v2\/pages\/18\/revisions\/536"}],"wp:attachment":[{"href":"https:\/\/lesmicrocrechesdelorge.com\/site\/index.php\/wp-json\/wp\/v2\/media?parent=18"}],"curies":[{"name":"wp","href":"https:\/\/api.w.org\/{rel}","templated":true}]}}