{"id":10,"date":"2018-05-30T14:43:00","date_gmt":"2018-05-30T12:43:00","guid":{"rendered":"http:\/\/lesmicrocrechesdelorge.com\/?page_id=8"},"modified":"2018-05-30T14:43:00","modified_gmt":"2018-05-30T12:43:00","slug":"structure-deveil-babilles-et-gribouillages","status":"publish","type":"page","link":"https:\/\/lesmicrocrechesdelorge.com\/site\/index.php\/structure-deveil-babilles-et-gribouillages\/","title":{"rendered":"Structure d\u2019\u00e9veil Babilles et Gribouillages"},"content":{"rendered":"<p><img loading=\"lazy\" decoding=\"async\" class=\"aligncenter size-medium wp-image-47\" src=\"http:\/\/lesmicrocrechesdelorge.com\/wp-content\/uploads\/2018\/05\/babilles-et-gribouillages-276x300.png\" alt=\"\" width=\"276\" height=\"300\" \/><\/p>\n<h1>Structure d\u2019Eveil Babilles et Gribouillages<\/h1>\n<p style=\"text-align: center;\">Notre micro-cr\u00e8che Babilles et Gribouillages qui a ouvert ses portes en septembre 2014 fait partie maintenant int\u00e9grante de la Petite Enfance savinienne. Id\u00e9alement situ\u00e9e \u00e0 proximit\u00e9 de la gare et du quartier Chateaubriand.<\/p>\n<table>\n<tbody>\n<tr>\n<td width=\"50%\"><strong>Ouverture<\/strong> : Les horaires autoris\u00e9s d\u2019ouverture sont de 07:00 &#8211; 20:00 mais la structure sera ouverte selon les horaires d\u00e9finis par les contrats des familles et les n\u00e9cessit\u00e9s du service.<\/p>\n<p><strong>T\u00e9l\u00e9phone fixe<\/strong> : 01 69 44 28 48<br \/>\n<strong>T\u00e9l\u00e9phone mobile<\/strong> : 06 73 78 75 82<\/p>\n<p><a href=\"mailto:babillesetgribouillages@gmail.com\">babillesetgribouillages@gmail.com<\/a><br \/>\n<a href=\"http:\/\/www.lesmicrocrechesdelorge.com\">www.lesmicrocrechesdelorge.com<\/a><\/td>\n<td><strong>Adresse<\/strong> : 24 Grande Rue<br \/>\n91600 Savigny sur Orge<iframe loading=\"lazy\" style=\"border: 0;\" src=\"https:\/\/www.google.com\/maps\/embed?pb=!1m18!1m12!1m3!1d2634.502670540607!2d2.353254555015453!3d48.67675332749771!2m3!1f0!2f0!3f0!3m2!1i1024!2i768!4f13.1!3m3!1m2!1s0x47e5df4a4f17f2bf%3A0x92bfc84624e8a845!2s24+Grande+Rue%2C+91600+Savigny-sur-Orge!5e0!3m2!1sfr!2sfr!4v1535534185764\" width=\"400\" height=\"300\" frameborder=\"0\" allowfullscreen=\"allowfullscreen\"><\/iframe><\/td>\n<\/tr>\n<\/tbody>\n<\/table>\n<h3>Notre Equipe encadrante<\/h3>\n<p>Gestionnaire administratif et financier : Mme Esnault<br \/>\nEducatrice Jeunes Enfants \/ Directrice : Adeline<br \/>\nAuxiliaire de Puericulture : Sandrine<br \/>\nAssistante Petite Enfance : Anais<br \/>\nAssistante Petite Enfance : Joana<br \/>\nAssistante Petite Enfance : Lisa<\/p>\n<h3>Un aper\u00e7u de notre espace<\/h3>\n<p><a href=\"https:\/\/lesmicrocrechesdelorge.com\/site\/wp-content\/uploads\/2018\/08\/babillesetgribouillage-1-1.jpg\"><img loading=\"lazy\" decoding=\"async\" class=\"alignnone wp-image-65 size-thumbnail\" src=\"http:\/\/lesmicrocrechesdelorge.com\/wp-content\/uploads\/2018\/08\/babillesetgribouillage-1-150x150.jpg\" alt=\"\" width=\"150\" height=\"150\" \/><\/a><a href=\"https:\/\/lesmicrocrechesdelorge.com\/site\/wp-content\/uploads\/2018\/08\/babillesetgribouillage-4-1.jpg\"><img loading=\"lazy\" decoding=\"async\" class=\"alignnone wp-image-68 size-thumbnail\" src=\"http:\/\/lesmicrocrechesdelorge.com\/wp-content\/uploads\/2018\/08\/babillesetgribouillage-4-150x150.jpg\" alt=\"\" width=\"150\" height=\"150\" \/><\/a><a href=\"https:\/\/lesmicrocrechesdelorge.com\/site\/wp-content\/uploads\/2018\/08\/babillesetgribouillage-2-1.jpg\"><img loading=\"lazy\" decoding=\"async\" class=\"alignnone wp-image-66 size-thumbnail\" src=\"http:\/\/lesmicrocrechesdelorge.com\/wp-content\/uploads\/2018\/08\/babillesetgribouillage-2-150x150.jpg\" alt=\"\" width=\"150\" height=\"150\" \/><\/a><a href=\"https:\/\/lesmicrocrechesdelorge.com\/site\/wp-content\/uploads\/2018\/08\/babillesetgribouillage-3-1.jpg\"><img loading=\"lazy\" decoding=\"async\" class=\"alignnone wp-image-67 size-thumbnail\" src=\"http:\/\/lesmicrocrechesdelorge.com\/wp-content\/uploads\/2018\/08\/babillesetgribouillage-3-150x150.jpg\" alt=\"\" width=\"150\" height=\"150\" \/><\/a><a href=\"https:\/\/lesmicrocrechesdelorge.com\/site\/wp-content\/uploads\/2018\/08\/babillesetgribouillage-6-1.jpg\"><img loading=\"lazy\" decoding=\"async\" class=\"alignnone wp-image-70 size-thumbnail\" src=\"http:\/\/lesmicrocrechesdelorge.com\/wp-content\/uploads\/2018\/08\/babillesetgribouillage-6-150x150.jpg\" alt=\"\" width=\"150\" height=\"150\" \/><\/a><a href=\"http:\/\/lesmicrocrechesdelorge.com\/wp-content\/uploads\/2018\/08\/babillesetgribouillage-7.jpg\"><img loading=\"lazy\" decoding=\"async\" class=\"alignnone wp-image-71 size-thumbnail\" src=\"http:\/\/lesmicrocrechesdelorge.com\/wp-content\/uploads\/2018\/08\/babillesetgribouillage-7-150x150.jpg\" alt=\"\" width=\"150\" height=\"150\" \/><\/a><a href=\"https:\/\/lesmicrocrechesdelorge.com\/site\/wp-content\/uploads\/2018\/08\/babillesetgribouillage-9-1.jpg\"><img loading=\"lazy\" decoding=\"async\" class=\"alignnone wp-image-73 size-thumbnail\" src=\"http:\/\/lesmicrocrechesdelorge.com\/wp-content\/uploads\/2018\/08\/babillesetgribouillage-9-150x150.jpg\" alt=\"\" width=\"150\" height=\"150\" \/><\/a><a href=\"https:\/\/lesmicrocrechesdelorge.com\/site\/wp-content\/uploads\/2018\/08\/babillesetgribouillage-5-1.jpg\"><img loading=\"lazy\" decoding=\"async\" class=\"alignnone wp-image-69 size-thumbnail\" src=\"http:\/\/lesmicrocrechesdelorge.com\/wp-content\/uploads\/2018\/08\/babillesetgribouillage-5-150x150.jpg\" alt=\"\" width=\"150\" height=\"150\" \/><\/a><a href=\"https:\/\/lesmicrocrechesdelorge.com\/site\/wp-content\/uploads\/2018\/08\/babillesetgribouillage-8-1.jpg\"><img loading=\"lazy\" decoding=\"async\" class=\"alignnone wp-image-72 size-thumbnail\" src=\"http:\/\/lesmicrocrechesdelorge.com\/wp-content\/uploads\/2018\/08\/babillesetgribouillage-8-150x150.jpg\" alt=\"\" width=\"150\" height=\"150\" \/><\/a><\/p>\n","protected":false},"excerpt":{"rendered":"<p>Structure d\u2019Eveil Babilles et Gribouillages Notre micro-cr\u00e8che Babilles et Gribouillages qui a ouvert ses portes en septembre 2014 fait partie maintenant int\u00e9grante de la Petite Enfance savinienne. Id\u00e9alement situ\u00e9e \u00e0 proximit\u00e9 de la gare et du quartier Chateaubriand. Ouverture : Les horaires autoris\u00e9s d\u2019ouverture sont de 07:00 &#8211; 20:00 mais la structure sera ouverte selon&hellip; <\/p>\n<p class=\"toivo-read-more\"><a href=\"https:\/\/lesmicrocrechesdelorge.com\/site\/index.php\/structure-deveil-babilles-et-gribouillages\/\" class=\"more-link\">Lire la suite <span class=\"screen-reader-text\">Structure d\u2019\u00e9veil Babilles et Gribouillages<\/span><\/a><\/p>\n","protected":false},"author":1,"featured_media":0,"parent":0,"menu_order":0,"comment_status":"closed","ping_status":"closed","template":"","meta":{"footnotes":""},"class_list":{"0":"post-10","1":"page","2":"type-page","3":"status-publish","5":"entry"},"_links":{"self":[{"href":"https:\/\/lesmicrocrechesdelorge.com\/site\/index.php\/wp-json\/wp\/v2\/pages\/10","targetHints":{"allow":["GET"]}}],"collection":[{"href":"https:\/\/lesmicrocrechesdelorge.com\/site\/index.php\/wp-json\/wp\/v2\/pages"}],"about":[{"href":"https:\/\/lesmicrocrechesdelorge.com\/site\/index.php\/wp-json\/wp\/v2\/types\/page"}],"author":[{"embeddable":true,"href":"https:\/\/lesmicrocrechesdelorge.com\/site\/index.php\/wp-json\/wp\/v2\/users\/1"}],"replies":[{"embeddable":true,"href":"https:\/\/lesmicrocrechesdelorge.com\/site\/index.php\/wp-json\/wp\/v2\/comments?post=10"}],"version-history":[{"count":0,"href":"https:\/\/lesmicrocrechesdelorge.com\/site\/index.php\/wp-json\/wp\/v2\/pages\/10\/revisions"}],"wp:attachment":[{"href":"https:\/\/lesmicrocrechesdelorge.com\/site\/index.php\/wp-json\/wp\/v2\/media?parent=10"}],"curies":[{"name":"wp","href":"https:\/\/api.w.org\/{rel}","templated":true}]}}

Structure d’éveil Babilles et Gribouillages

<p><img loading="lazy" decoding="async" class="aligncenter size-medium wp-image-47" src="http://lesmicrocrechesdelorge.com/wp-content/uploads/2018/05/babilles-et-gribouillages-276x300.png" alt="" width="276" height="300" /></p>
<h1>Structure d’Eveil Babilles et Gribouillages</h1>
<p style="text-align: center;">Notre micro-crèche Babilles et Gribouillages qui a ouvert ses portes en septembre 2014 fait partie maintenant intégrante de la Petite Enfance savinienne. Idéalement située à proximité de la gare et du quartier Chateaubriand.</p>
<table>
<tbody>
<tr>
<td width="50%"><strong>Ouverture</strong> : Les horaires autorisés d’ouverture sont de 07:00 &#8211; 20:00 mais la structure sera ouverte selon les horaires définis par les contrats des familles et les nécessités du service.</p>
<p><strong>Téléphone fixe</strong> : 01 69 44 28 48<br />
<strong>Téléphone mobile</strong> : 06 73 78 75 82</p>
<p><a href="mailto:babillesetgribouillages@gmail.com">babillesetgribouillages@gmail.com</a><br />
<a href="http://www.lesmicrocrechesdelorge.com">www.lesmicrocrechesdelorge.com</a></td>
<td><strong>Adresse</strong> : 24 Grande Rue<br />
91600 Savigny sur Orge<iframe loading="lazy" style="border: 0;" src="https://www.google.com/maps/embed?pb=!1m18!1m12!1m3!1d2634.502670540607!2d2.353254555015453!3d48.67675332749771!2m3!1f0!2f0!3f0!3m2!1i1024!2i768!4f13.1!3m3!1m2!1s0x47e5df4a4f17f2bf%3A0x92bfc84624e8a845!2s24+Grande+Rue%2C+91600+Savigny-sur-Orge!5e0!3m2!1sfr!2sfr!4v1535534185764" width="400" height="300" frameborder="0" allowfullscreen="allowfullscreen"></iframe></td>
</tr>
</tbody>
</table>
<h3>Notre Equipe encadrante</h3>
<p>Gestionnaire administratif et financier : Mme Esnault<br />
Educatrice Jeunes Enfants / Directrice : Adeline<br />
Auxiliaire de Puericulture : Sandrine<br />
Assistante Petite Enfance : Anais<br />
Assistante Petite Enfance : Joana<br />
Assistante Petite Enfance : Lisa</p>
<h3>Un aperçu de notre espace</h3>
<p><a href="https://lesmicrocrechesdelorge.com/site/wp-content/uploads/2018/08/babillesetgribouillage-1-1.jpg"><img loading="lazy" decoding="async" class="alignnone wp-image-65 size-thumbnail" src="http://lesmicrocrechesdelorge.com/wp-content/uploads/2018/08/babillesetgribouillage-1-150x150.jpg" alt="" width="150" height="150" /></a><a href="https://lesmicrocrechesdelorge.com/site/wp-content/uploads/2018/08/babillesetgribouillage-4-1.jpg"><img loading="lazy" decoding="async" class="alignnone wp-image-68 size-thumbnail" src="http://lesmicrocrechesdelorge.com/wp-content/uploads/2018/08/babillesetgribouillage-4-150x150.jpg" alt="" width="150" height="150" /></a><a href="https://lesmicrocrechesdelorge.com/site/wp-content/uploads/2018/08/babillesetgribouillage-2-1.jpg"><img loading="lazy" decoding="async" class="alignnone wp-image-66 size-thumbnail" src="http://lesmicrocrechesdelorge.com/wp-content/uploads/2018/08/babillesetgribouillage-2-150x150.jpg" alt="" width="150" height="150" /></a><a href="https://lesmicrocrechesdelorge.com/site/wp-content/uploads/2018/08/babillesetgribouillage-3-1.jpg"><img loading="lazy" decoding="async" class="alignnone wp-image-67 size-thumbnail" src="http://lesmicrocrechesdelorge.com/wp-content/uploads/2018/08/babillesetgribouillage-3-150x150.jpg" alt="" width="150" height="150" /></a><a href="https://lesmicrocrechesdelorge.com/site/wp-content/uploads/2018/08/babillesetgribouillage-6-1.jpg"><img loading="lazy" decoding="async" class="alignnone wp-image-70 size-thumbnail" src="http://lesmicrocrechesdelorge.com/wp-content/uploads/2018/08/babillesetgribouillage-6-150x150.jpg" alt="" width="150" height="150" /></a><a href="http://lesmicrocrechesdelorge.com/wp-content/uploads/2018/08/babillesetgribouillage-7.jpg"><img loading="lazy" decoding="async" class="alignnone wp-image-71 size-thumbnail" src="http://lesmicrocrechesdelorge.com/wp-content/uploads/2018/08/babillesetgribouillage-7-150x150.jpg" alt="" width="150" height="150" /></a><a href="https://lesmicrocrechesdelorge.com/site/wp-content/uploads/2018/08/babillesetgribouillage-9-1.jpg"><img loading="lazy" decoding="async" class="alignnone wp-image-73 size-thumbnail" src="http://lesmicrocrechesdelorge.com/wp-content/uploads/2018/08/babillesetgribouillage-9-150x150.jpg" alt="" width="150" height="150" /></a><a href="https://lesmicrocrechesdelorge.com/site/wp-content/uploads/2018/08/babillesetgribouillage-5-1.jpg"><img loading="lazy" decoding="async" class="alignnone wp-image-69 size-thumbnail" src="http://lesmicrocrechesdelorge.com/wp-content/uploads/2018/08/babillesetgribouillage-5-150x150.jpg" alt="" width="150" height="150" /></a><a href="https://lesmicrocrechesdelorge.com/site/wp-content/uploads/2018/08/babillesetgribouillage-8-1.jpg"><img loading="lazy" decoding="async" class="alignnone wp-image-72 size-thumbnail" src="http://lesmicrocrechesdelorge.com/wp-content/uploads/2018/08/babillesetgribouillage-8-150x150.jpg" alt="" width="150" height="150" /></a></p>

<p>Structure d’Eveil Babilles et Gribouillages Notre micro-crèche Babilles et Gribouillages qui a ouvert ses portes en septembre 2014 fait partie maintenant intégrante de la Petite Enfance savinienne. Idéalement située à proximité de la gare et du quartier Chateaubriand. Ouverture : Les horaires autorisés d’ouverture sont de 07:00 &#8211; 20:00 mais la structure sera ouverte selon&hellip; </p>
<p class="toivo-read-more"><a href="https://lesmicrocrechesdelorge.com/site/index.php/structure-deveil-babilles-et-gribouillages/" class="more-link">Lire la suite <span class="screen-reader-text">Structure d’éveil Babilles et Gribouillages</span></a></p>
